{"id":686,"date":"2025-03-23T02:46:33","date_gmt":"2025-03-23T02:46:33","guid":{"rendered":"https:\/\/web.webio.vn\/50\/?page_id=686"},"modified":"2025-03-23T04:24:11","modified_gmt":"2025-03-23T04:24:11","slug":"tam-nhin-va-su-menh","status":"publish","type":"page","link":"https:\/\/web.webio.vn\/50\/tam-nhin-va-su-menh\/","title":{"rendered":"T\u1ea7m nh\u00ecn v\u00e0 s\u1ee9 m\u1ec7nh"},"content":{"rendered":"\n<div class=\"wp-block-stackable-columns stk-block-columns stk-block stk-e84acda\" data-block-id=\"e84acda\"><style>.stk-e84acda .stk--block-align-e84acda{align-items:center !important;}.stk-e84acda {margin-bottom:0px !important;}.stk-e84acda-column{--stk-column-gap:50px !important;row-gap:50px !important;}@media screen and (max-width:999px){.stk-e84acda-column{--stk-column-gap:30px !important;}}<\/style><div class=\"stk-row stk-inner-blocks stk--block-align-e84acda stk-block-content stk-content-align stk-e84acda-column\">\n<div class=\"wp-block-stackable-column stk-block-column stk-column stk-block stk-cfe225c\" data-v=\"4\" data-block-id=\"cfe225c\"><style>.stk-cfe225c-container{margin-top:0px !important;margin-right:0px !important;margin-bottom:0px !important;margin-left:0px !important;}@media screen and (min-width:690px){.stk-cfe225c {flex:var(--stk-flex-grow, 1) 1 calc(45% - var(--stk-column-gap, 0px) * 1 \/ 2 ) !important;}}@media screen and (min-width:690px) and (max-width:999px){.stk-cfe225c {flex:var(--stk-flex-grow, 1) 1 calc(40% - var(--stk-column-gap, 0px) * 1 \/ 2 ) !important;}}<\/style><div class=\"stk-column-wrapper stk-block-column__content stk-container stk-cfe225c-container stk--no-background stk--no-padding\"><div class=\"stk-block-content stk-inner-blocks stk-cfe225c-inner-blocks\">\n<div class=\"wp-block-stackable-image stk-block-image stk-block stk-6c5aab5\" data-block-id=\"6c5aab5\"><style>.stk-6c5aab5 .stk-img-wrapper img{border-radius:5px !important;}<\/style><figure><span class=\"stk-img-wrapper stk-image--shape-stretch\"><img loading=\"lazy\" decoding=\"async\" class=\"stk-img wp-image-763\" src=\"https:\/\/web.webio.vn\/50\/wp-content\/uploads\/sites\/50\/2025\/03\/thay-giao.webp\" width=\"600\" height=\"800\" srcset=\"https:\/\/web.webio.vn\/50\/wp-content\/uploads\/sites\/50\/2025\/03\/thay-giao.webp 600w, https:\/\/web.webio.vn\/50\/wp-content\/uploads\/sites\/50\/2025\/03\/thay-giao-225x300.webp 225w\" sizes=\"auto, (max-width: 600px) 100vw, 600px\" \/><\/span><\/figure><\/div>\n<\/div><\/div><\/div>\n\n\n\n<div class=\"wp-block-stackable-column stk-block-column stk-column stk-block stk-fb8865e\" data-v=\"4\" data-block-id=\"fb8865e\"><style>@media screen and (min-width:690px){.stk-fb8865e {flex:var(--stk-flex-grow, 1) 1 calc(55% - var(--stk-column-gap, 0px) * 1 \/ 2 ) !important;}}@media screen and (min-width:690px) and (max-width:999px){.stk-fb8865e {flex:var(--stk-flex-grow, 1) 1 calc(60% - var(--stk-column-gap, 0px) * 1 \/ 2 ) !important;}}<\/style><div class=\"stk-column-wrapper stk-block-column__content stk-container stk-fb8865e-container stk--no-background stk--no-padding\"><div class=\"has-text-align-center-mobile stk-block-content stk-inner-blocks stk-fb8865e-inner-blocks\">\n<div class=\"wp-block-stackable-heading stk-block-heading stk-block-heading--v2 stk-block stk-4ead935\" id=\"t\u1ea7m-nhin\" data-block-id=\"4ead935\"><style>.stk-4ead935 {margin-bottom:20px !important;}.stk-4ead935 .stk-block-heading__text{font-size:25px !important;}@media screen and (max-width:999px){.stk-4ead935 .stk-block-heading__text{font-size:25px !important;}}<\/style><h2 class=\"stk-block-heading__text stk-block-heading--use-theme-margins\">T\u1ea7m nh\u00ecn<\/h2><\/div>\n\n\n\n<div class=\"wp-block-stackable-columns stk-block-columns stk-block stk-84cd38e\" data-block-id=\"84cd38e\"><div class=\"stk-row stk-inner-blocks stk-block-content stk-content-align stk-84cd38e-column\">\n<div class=\"wp-block-stackable-column stk-block-column stk-column stk-block stk-673b59e\" data-v=\"4\" data-block-id=\"673b59e\"><style>.stk-673b59e-container{margin-top:0px !important;margin-right:0px !important;margin-bottom:0px !important;margin-left:0px !important;}<\/style><div class=\"stk-column-wrapper stk-block-column__content stk-container stk-673b59e-container stk--no-background stk--no-padding\"><div class=\"stk-block-content stk-inner-blocks stk-673b59e-inner-blocks\">\n<div class=\"wp-block-stackable-text stk-block-text stk-block stk-4c6e287\" data-block-id=\"4c6e287\"><style>.stk-4c6e287 {margin-bottom:30px !important;}<\/style><p class=\"stk-block-text__text\">Tr\u1edf th\u00e0nh m\u1ed9t trong nh\u1eefng tr\u01b0\u1eddng h\u1ecdc h\u00e0ng \u0111\u1ea7u, n\u01a1i \u01b0\u01a1m m\u1ea7m nh\u1eefng c\u00f4ng d\u00e2n to\u00e0n c\u1ea7u \u01b0u t\u00fa, c\u00f3 \u0111\u1ee7 n\u0103ng l\u1ef1c v\u00e0 ph\u1ea9m ch\u1ea5t \u0111\u1ec3 \u0111\u00f3ng g\u00f3p v\u00e0o s\u1ef1 ph\u00e1t tri\u1ec3n c\u1ee7a x\u00e3 h\u1ed9i.<\/p><\/div>\n<\/div><\/div><\/div>\n<\/div><\/div>\n\n\n\n<div class=\"wp-block-stackable-heading stk-block-heading stk-block-heading--v2 stk-block stk-74663f8\" id=\"s\u1ee9-m\u1ec7nh\" data-block-id=\"74663f8\"><style>.stk-74663f8 .stk-block-heading__text{font-size:25px !important;}@media screen and (max-width:999px){.stk-74663f8 .stk-block-heading__text{font-size:25px !important;}}<\/style><h2 class=\"stk-block-heading__text stk-block-heading--use-theme-margins\">S\u1ee9 m\u1ec7nh<\/h2><\/div>\n\n\n\n<ul class=\"wp-block-list\">\n<li>Cung c\u1ea5p m\u1ed9t m\u00f4i tr\u01b0\u1eddng gi\u00e1o d\u1ee5c ch\u1ea5t l\u01b0\u1ee3ng cao, to\u00e0n di\u1ec7n, ch\u00fa tr\u1ecdng ph\u00e1t tri\u1ec3n c\u1ea3 ki\u1ebfn th\u1ee9c, k\u1ef9 n\u0103ng v\u00e0 ph\u1ea9m ch\u1ea5t c\u1ee7a h\u1ecdc sinh.<\/li>\n\n\n\n<li>Kh\u01a1i d\u1eady ni\u1ec1m \u0111am m\u00ea h\u1ecdc t\u1eadp, s\u00e1ng t\u1ea1o v\u00e0 tinh th\u1ea7n t\u1ef1 h\u1ecdc su\u1ed1t \u0111\u1eddi cho h\u1ecdc sinh.<\/li>\n\n\n\n<li>X\u00e2y d\u1ef1ng m\u1ed9t c\u1ed9ng \u0111\u1ed3ng h\u1ecdc t\u1eadp \u0111o\u00e0n k\u1ebft, th\u00e2n thi\u1ec7n, n\u01a1i m\u1ed7i th\u00e0nh vi\u00ean \u0111\u1ec1u \u0111\u01b0\u1ee3c t\u00f4n tr\u1ecdng v\u00e0 ph\u00e1t huy t\u1ed1i \u0111a ti\u1ec1m n\u0103ng c\u1ee7a m\u00ecnh.<\/li>\n<\/ul>\n<\/div><\/div><\/div>\n<\/div><\/div>\n","protected":false},"excerpt":{"rendered":"<p>T\u1ea7m nh\u00ecn Tr\u1edf th\u00e0nh m\u1ed9t trong nh\u1eefng tr\u01b0\u1eddng h\u1ecdc h\u00e0ng \u0111\u1ea7u, n\u01a1i \u01b0\u01a1m m\u1ea7m nh\u1eefng c\u00f4ng d\u00e2n to\u00e0n c\u1ea7u \u01b0u t\u00fa, c\u00f3 \u0111\u1ee7 n\u0103ng l\u1ef1c v\u00e0 ph\u1ea9m ch\u1ea5t \u0111\u1ec3 \u0111\u00f3ng g\u00f3p v\u00e0o s\u1ef1 ph\u00e1t tri\u1ec3n c\u1ee7a x\u00e3 h\u1ed9i. S\u1ee9 m\u1ec7nh<\/p>\n","protected":false},"author":4,"featured_media":0,"parent":0,"menu_order":0,"comment_status":"closed","ping_status":"closed","template":"","meta":{"_gspb_post_css":"","footnotes":""},"class_list":["post-686","page","type-page","status-publish","hentry"],"blocksy_meta":[],"_links":{"self":[{"href":"https:\/\/web.webio.vn\/50\/wp-json\/wp\/v2\/pages\/686","targetHints":{"allow":["GET"]}}],"collection":[{"href":"https:\/\/web.webio.vn\/50\/wp-json\/wp\/v2\/pages"}],"about":[{"href":"https:\/\/web.webio.vn\/50\/wp-json\/wp\/v2\/types\/page"}],"author":[{"embeddable":true,"href":"https:\/\/web.webio.vn\/50\/wp-json\/wp\/v2\/users\/4"}],"replies":[{"embeddable":true,"href":"https:\/\/web.webio.vn\/50\/wp-json\/wp\/v2\/comments?post=686"}],"version-history":[{"count":4,"href":"https:\/\/web.webio.vn\/50\/wp-json\/wp\/v2\/pages\/686\/revisions"}],"predecessor-version":[{"id":767,"href":"https:\/\/web.webio.vn\/50\/wp-json\/wp\/v2\/pages\/686\/revisions\/767"}],"wp:attachment":[{"href":"https:\/\/web.webio.vn\/50\/wp-json\/wp\/v2\/media?parent=686"}],"curies":[{"name":"wp","href":"https:\/\/api.w.org\/{rel}","templated":true}]}}