{"id":699,"date":"2025-03-23T02:53:59","date_gmt":"2025-03-23T02:53:59","guid":{"rendered":"https:\/\/web.webio.vn\/50\/?page_id=699"},"modified":"2025-03-23T07:40:49","modified_gmt":"2025-03-23T07:40:49","slug":"dong-phuc","status":"publish","type":"page","link":"https:\/\/web.webio.vn\/50\/dong-phuc\/","title":{"rendered":"\u0110\u1ed3ng ph\u1ee5c"},"content":{"rendered":"\n<p><strong>\u0110\u1ed3ng ph\u1ee5c: N\u00e9t \u0111\u1eb9p v\u0103n h\u00f3a v\u00e0 b\u1ea3n s\u1eafc c\u1ee7a [T\u00ean tr\u01b0\u1eddng\/t\u1ed5 ch\u1ee9c]<\/strong><\/p>\n\n\n\n<p>\u0110\u1ed3ng ph\u1ee5c kh\u00f4ng ch\u1ec9 l\u00e0 trang ph\u1ee5c \u0111\u01a1n thu\u1ea7n, m\u00e0 c\u00f2n l\u00e0 bi\u1ec3u t\u01b0\u1ee3ng c\u1ee7a tinh th\u1ea7n \u0111o\u00e0n k\u1ebft, s\u1ef1 chuy\u00ean nghi\u1ec7p v\u00e0 n\u00e9t \u0111\u1eb9p v\u0103n h\u00f3a \u0111\u1eb7c tr\u01b0ng c\u1ee7a [T\u00ean tr\u01b0\u1eddng\/t\u1ed5 ch\u1ee9c]. T\u1ea1i [T\u00ean tr\u01b0\u1eddng\/t\u1ed5 ch\u1ee9c], \u0111\u1ed3ng ph\u1ee5c \u0111\u01b0\u1ee3c thi\u1ebft k\u1ebf v\u1edbi s\u1ef1 t\u1ec9 m\u1ec9, k\u1ebft h\u1ee3p gi\u1eefa y\u1ebfu t\u1ed1 truy\u1ec1n th\u1ed1ng v\u00e0 hi\u1ec7n \u0111\u1ea1i, mang \u0111\u1ebfn v\u1ebb \u0111\u1eb9p thanh l\u1ecbch, trang nh\u00e3 v\u00e0 ph\u00f9 h\u1ee3p v\u1edbi m\u00f4i tr\u01b0\u1eddng h\u1ecdc \u0111\u01b0\u1eddng\/l\u00e0m vi\u1ec7c.<\/p>\n\n\n\n<p><strong>Thi\u1ebft k\u1ebf \u0111\u1ed9c \u0111\u00e1o, mang \u0111\u1eadm d\u1ea5u \u1ea5n ri\u00eang<\/strong><\/p>\n\n\n\n<p>\u0110\u1ed3ng ph\u1ee5c c\u1ee7a [T\u00ean tr\u01b0\u1eddng\/t\u1ed5 ch\u1ee9c] \u0111\u01b0\u1ee3c thi\u1ebft k\u1ebf v\u1edbi [M\u00f4 t\u1ea3 chi ti\u1ebft v\u1ec1 thi\u1ebft k\u1ebf, m\u00e0u s\u1eafc, ki\u1ec3u d\u00e1ng, logo,&#8230;]. M\u1ed7i chi ti\u1ebft \u0111\u1ec1u \u0111\u01b0\u1ee3c l\u1ef1a ch\u1ecdn k\u1ef9 l\u01b0\u1ee1ng, th\u1ec3 hi\u1ec7n s\u1ef1 tinh t\u1ebf v\u00e0 gu th\u1ea9m m\u1ef9 c\u1ee7a [T\u00ean tr\u01b0\u1eddng\/t\u1ed5 ch\u1ee9c]. Logo c\u1ee7a tr\u01b0\u1eddng\/t\u1ed5 ch\u1ee9c \u0111\u01b0\u1ee3c th\u00eau\/in n\u1ed5i b\u1eadt tr\u00ean \u00e1o, l\u00e0 ni\u1ec1m t\u1ef1 h\u00e0o v\u00e0 d\u1ea5u \u1ea5n ri\u00eang bi\u1ec7t.<\/p>\n\n\n\n<p><strong>Ch\u1ea5t li\u1ec7u cao c\u1ea5p, \u0111\u1ea3m b\u1ea3o s\u1ef1 tho\u1ea3i m\u00e1i<\/strong><\/p>\n\n\n\n<p>Ch\u1ea5t li\u1ec7u v\u1ea3i \u0111\u01b0\u1ee3c l\u1ef1a ch\u1ecdn k\u1ef9 l\u01b0\u1ee1ng, \u0111\u1ea3m b\u1ea3o s\u1ef1 tho\u1ea3i m\u00e1i, tho\u00e1ng m\u00e1t v\u00e0 \u0111\u1ed9 b\u1ec1n cao. H\u1ecdc sinh\/nh\u00e2n vi\u00ean c\u00f3 th\u1ec3 t\u1ef1 tin ho\u1ea1t \u0111\u1ed9ng, h\u1ecdc t\u1eadp v\u00e0 l\u00e0m vi\u1ec7c trong su\u1ed1t ng\u00e0y d\u00e0i.<\/p>\n\n\n\n<p><strong>G\u00f3p ph\u1ea7n x\u00e2y d\u1ef1ng m\u00f4i tr\u01b0\u1eddng v\u0103n minh, chuy\u00ean nghi\u1ec7p<\/strong><\/p>\n\n\n\n<p>\u0110\u1ed3ng ph\u1ee5c g\u00f3p ph\u1ea7n t\u1ea1o n\u00ean m\u00f4i tr\u01b0\u1eddng h\u1ecdc \u0111\u01b0\u1eddng\/l\u00e0m vi\u1ec7c v\u0103n minh, l\u1ecbch s\u1ef1 v\u00e0 chuy\u00ean nghi\u1ec7p. Khi kho\u00e1c l\u00ean m\u00ecnh b\u1ed9 \u0111\u1ed3ng ph\u1ee5c, m\u1ed7i h\u1ecdc sinh\/nh\u00e2n vi\u00ean \u0111\u1ec1u \u00fd th\u1ee9c \u0111\u01b0\u1ee3c tr\u00e1ch nhi\u1ec7m c\u1ee7a m\u00ecnh, t\u1eeb \u0111\u00f3 x\u00e2y d\u1ef1ng h\u00ecnh \u1ea3nh \u0111\u1eb9p cho [T\u00ean tr\u01b0\u1eddng\/t\u1ed5 ch\u1ee9c].<\/p>\n\n\n\n<p><strong>\u0110\u1ed3ng ph\u1ee5c &#8211; Ni\u1ec1m t\u1ef1 h\u00e0o v\u00e0 s\u1ef1 g\u1eafn k\u1ebft<\/strong><\/p>\n\n\n\n<p>\u0110\u1ed3ng ph\u1ee5c kh\u00f4ng ch\u1ec9 l\u00e0 trang ph\u1ee5c, m\u00e0 c\u00f2n l\u00e0 s\u1ee3i d\u00e2y g\u1eafn k\u1ebft c\u00e1c th\u00e0nh vi\u00ean c\u1ee7a [T\u00ean tr\u01b0\u1eddng\/t\u1ed5 ch\u1ee9c]. Khi c\u00f9ng m\u1eb7c \u0111\u1ed3ng ph\u1ee5c, m\u1ecdi ng\u01b0\u1eddi c\u1ea3m th\u1ea5y g\u1ea7n g\u0169i, th\u00e2n thi\u1ebft v\u00e0 t\u1ef1 h\u00e0o v\u1ec1 ng\u00f4i tr\u01b0\u1eddng\/t\u1ed5 ch\u1ee9c c\u1ee7a m\u00ecnh.<\/p>\n\n\n\n<p><strong>H\u00e3y c\u00f9ng nhau tr\u00e2n tr\u1ecdng v\u00e0 gi\u1eef g\u00ecn n\u00e9t \u0111\u1eb9p c\u1ee7a \u0111\u1ed3ng ph\u1ee5c [T\u00ean tr\u01b0\u1eddng\/t\u1ed5 ch\u1ee9c]!<\/strong><\/p>\n","protected":false},"excerpt":{"rendered":"<p>\u0110\u1ed3ng ph\u1ee5c: N\u00e9t \u0111\u1eb9p v\u0103n h\u00f3a v\u00e0 b\u1ea3n s\u1eafc c\u1ee7a [T\u00ean tr\u01b0\u1eddng\/t\u1ed5 ch\u1ee9c] \u0110\u1ed3ng ph\u1ee5c kh\u00f4ng ch\u1ec9 l\u00e0 trang ph\u1ee5c \u0111\u01a1n thu\u1ea7n, m\u00e0 c\u00f2n l\u00e0 bi\u1ec3u t\u01b0\u1ee3ng c\u1ee7a tinh th\u1ea7n \u0111o\u00e0n k\u1ebft, s\u1ef1 chuy\u00ean nghi\u1ec7p v\u00e0 n\u00e9t \u0111\u1eb9p v\u0103n h\u00f3a \u0111\u1eb7c tr\u01b0ng c\u1ee7a [T\u00ean tr\u01b0\u1eddng\/t\u1ed5 ch\u1ee9c]. T\u1ea1i [T\u00ean tr\u01b0\u1eddng\/t\u1ed5 ch\u1ee9c], \u0111\u1ed3ng ph\u1ee5c \u0111\u01b0\u1ee3c thi\u1ebft k\u1ebf [&hellip;]<\/p>\n","protected":false},"author":4,"featured_media":0,"parent":0,"menu_order":0,"comment_status":"closed","ping_status":"closed","template":"","meta":{"_gspb_post_css":"","footnotes":""},"class_list":["post-699","page","type-page","status-publish","hentry"],"blocksy_meta":[],"_links":{"self":[{"href":"https:\/\/web.webio.vn\/50\/wp-json\/wp\/v2\/pages\/699","targetHints":{"allow":["GET"]}}],"collection":[{"href":"https:\/\/web.webio.vn\/50\/wp-json\/wp\/v2\/pages"}],"about":[{"href":"https:\/\/web.webio.vn\/50\/wp-json\/wp\/v2\/types\/page"}],"author":[{"embeddable":true,"href":"https:\/\/web.webio.vn\/50\/wp-json\/wp\/v2\/users\/4"}],"replies":[{"embeddable":true,"href":"https:\/\/web.webio.vn\/50\/wp-json\/wp\/v2\/comments?post=699"}],"version-history":[{"count":3,"href":"https:\/\/web.webio.vn\/50\/wp-json\/wp\/v2\/pages\/699\/revisions"}],"predecessor-version":[{"id":812,"href":"https:\/\/web.webio.vn\/50\/wp-json\/wp\/v2\/pages\/699\/revisions\/812"}],"wp:attachment":[{"href":"https:\/\/web.webio.vn\/50\/wp-json\/wp\/v2\/media?parent=699"}],"curies":[{"name":"wp","href":"https:\/\/api.w.org\/{rel}","templated":true}]}}