{"id":701,"date":"2025-03-23T02:54:14","date_gmt":"2025-03-23T02:54:14","guid":{"rendered":"https:\/\/web.webio.vn\/50\/?page_id=701"},"modified":"2025-03-23T07:38:41","modified_gmt":"2025-03-23T07:38:41","slug":"xe-bus","status":"publish","type":"page","link":"https:\/\/web.webio.vn\/50\/xe-bus\/","title":{"rendered":"Xe bus"},"content":{"rendered":"\n<p>Trong cu\u1ed9c s\u1ed1ng hi\u1ec7n \u0111\u1ea1i, vi\u1ec7c \u0111\u01b0a \u0111\u00f3n con em \u0111\u1ebfn tr\u01b0\u1eddng m\u1ed7i ng\u00e0y c\u00f3 th\u1ec3 tr\u1edf th\u00e0nh g\u00e1nh n\u1eb7ng \u0111\u1ed1i v\u1edbi nhi\u1ec1u b\u1eadc ph\u1ee5 huynh. \u0110\u1ec3 gi\u1ea3i quy\u1ebft v\u1ea5n \u0111\u1ec1 n\u00e0y, d\u1ecbch v\u1ee5 xe bu\u00fdt \u0111\u01b0a \u0111\u00f3n h\u1ecdc sinh ra \u0111\u1eddi, mang \u0111\u1ebfn s\u1ef1 an to\u00e0n, ti\u1ec7n l\u1ee3i v\u00e0 ti\u1ebft ki\u1ec7m th\u1eddi gian cho c\u1ea3 ph\u1ee5 huynh v\u00e0 h\u1ecdc sinh.<\/p>\n\n\n\n<p><strong>C\u00e1c ti\u00eau ch\u00ed l\u1ef1a ch\u1ecdn d\u1ecbch v\u1ee5 xe bu\u00fdt \u0111\u01b0a \u0111\u00f3n h\u1ecdc sinh<\/strong><\/p>\n\n\n\n<ul class=\"wp-block-list\">\n<li><strong>Uy t\u00edn v\u00e0 kinh nghi\u1ec7m<\/strong>: L\u1ef1a ch\u1ecdn c\u00e1c \u0111\u01a1n v\u1ecb c\u00f3 uy t\u00edn, kinh nghi\u1ec7m l\u00e2u n\u0103m trong l\u0129nh v\u1ef1c v\u1eadn t\u1ea3i h\u1ecdc sinh.<\/li>\n\n\n\n<li><strong>An to\u00e0n<\/strong>: \u0110\u1ea3m b\u1ea3o xe bu\u00fdt \u0111\u01b0\u1ee3c trang b\u1ecb \u0111\u1ea7y \u0111\u1ee7 c\u00e1c thi\u1ebft b\u1ecb an to\u00e0n, t\u00e0i x\u1ebf c\u00f3 b\u1eb1ng l\u00e1i v\u00e0 kinh nghi\u1ec7m, nh\u00e2n vi\u00ean gi\u00e1m s\u00e1t c\u00f3 tr\u00e1ch nhi\u1ec7m.<\/li>\n\n\n\n<li><strong>Ch\u1ea5t l\u01b0\u1ee3ng xe<\/strong>: Xe bu\u00fdt m\u1edbi, s\u1ea1ch s\u1ebd, tho\u1ea3i m\u00e1i v\u00e0 \u0111\u01b0\u1ee3c b\u1ea3o d\u01b0\u1ee1ng \u0111\u1ecbnh k\u1ef3.<\/li>\n\n\n\n<li><strong>L\u1ecbch tr\u00ecnh v\u00e0 \u0111i\u1ec3m \u0111\u00f3n tr\u1ea3<\/strong>: L\u1ecbch tr\u00ecnh linh ho\u1ea1t, ph\u00f9 h\u1ee3p v\u1edbi th\u1eddi gian h\u1ecdc c\u1ee7a h\u1ecdc sinh, \u0111i\u1ec3m \u0111\u00f3n tr\u1ea3 g\u1ea7n nh\u00e0.<\/li>\n\n\n\n<li><strong>Gi\u00e1 c\u1ea3<\/strong>: Gi\u00e1 c\u1ea3 h\u1ee3p l\u00fd, ph\u00f9 h\u1ee3p v\u1edbi ch\u1ea5t l\u01b0\u1ee3ng d\u1ecbch v\u1ee5.<\/li>\n\n\n\n<li><strong>Ph\u1ea3n h\u1ed3i t\u1eeb ph\u1ee5 huynh<\/strong>: Tham kh\u1ea3o \u00fd ki\u1ebfn c\u1ee7a c\u00e1c ph\u1ee5 huynh \u0111\u00e3 s\u1eed d\u1ee5ng d\u1ecbch v\u1ee5 \u0111\u1ec3 c\u00f3 c\u00e1i nh\u00ecn kh\u00e1ch quan.<\/li>\n<\/ul>\n","protected":false},"excerpt":{"rendered":"<p>Trong cu\u1ed9c s\u1ed1ng hi\u1ec7n \u0111\u1ea1i, vi\u1ec7c \u0111\u01b0a \u0111\u00f3n con em \u0111\u1ebfn tr\u01b0\u1eddng m\u1ed7i ng\u00e0y c\u00f3 th\u1ec3 tr\u1edf th\u00e0nh g\u00e1nh n\u1eb7ng \u0111\u1ed1i v\u1edbi nhi\u1ec1u b\u1eadc ph\u1ee5 huynh. \u0110\u1ec3 gi\u1ea3i quy\u1ebft v\u1ea5n \u0111\u1ec1 n\u00e0y, d\u1ecbch v\u1ee5 xe bu\u00fdt \u0111\u01b0a \u0111\u00f3n h\u1ecdc sinh ra \u0111\u1eddi, mang \u0111\u1ebfn s\u1ef1 an to\u00e0n, ti\u1ec7n l\u1ee3i v\u00e0 ti\u1ebft ki\u1ec7m th\u1eddi gian cho [&hellip;]<\/p>\n","protected":false},"author":4,"featured_media":0,"parent":0,"menu_order":0,"comment_status":"closed","ping_status":"closed","template":"","meta":{"_gspb_post_css":"","footnotes":""},"class_list":["post-701","page","type-page","status-publish","hentry"],"blocksy_meta":[],"_links":{"self":[{"href":"https:\/\/web.webio.vn\/50\/wp-json\/wp\/v2\/pages\/701","targetHints":{"allow":["GET"]}}],"collection":[{"href":"https:\/\/web.webio.vn\/50\/wp-json\/wp\/v2\/pages"}],"about":[{"href":"https:\/\/web.webio.vn\/50\/wp-json\/wp\/v2\/types\/page"}],"author":[{"embeddable":true,"href":"https:\/\/web.webio.vn\/50\/wp-json\/wp\/v2\/users\/4"}],"replies":[{"embeddable":true,"href":"https:\/\/web.webio.vn\/50\/wp-json\/wp\/v2\/comments?post=701"}],"version-history":[{"count":3,"href":"https:\/\/web.webio.vn\/50\/wp-json\/wp\/v2\/pages\/701\/revisions"}],"predecessor-version":[{"id":807,"href":"https:\/\/web.webio.vn\/50\/wp-json\/wp\/v2\/pages\/701\/revisions\/807"}],"wp:attachment":[{"href":"https:\/\/web.webio.vn\/50\/wp-json\/wp\/v2\/media?parent=701"}],"curies":[{"name":"wp","href":"https:\/\/api.w.org\/{rel}","templated":true}]}}